18
Calculate the greatest common divisor of 1264 and 237.
79
Calculate the highest common factor of 156 and 39.
39
Calculate the highest common divisor of 1692 and 72.
36
Calculate the greatest common divisor of 121871 and 47.
47
What is the greatest common divisor of 162 and 90?
18
Calculate the highest common divisor of 64 and 320.
64
What is the greatest common divisor of 325 and 850?
25
Calculate the greatest common divisor of 1995 and 57.
57
What is the highest common factor of 405 and 345?
15
What is the greatest common factor of 1776 and 12?
12
What is the highest common divisor of 286 and 88?
22
What is the highest common factor of 21 and 35?
7
What is the greatest common divisor of 28 and 50540?
28
Calculate the greatest common factor of 116 and 236.
4
Calculate the greatest common divisor of 1653 and 348.
87
Calculate the highest common factor of 520 and 3770.
130
What is the highest common divisor of 4429 and 103?
103
Calculate the highest common divisor of 52 and 325.
13
What is the highest common divisor of 91 and 21?
7
What is the greatest common divisor of 20 and 36?
4
Calculate the greatest common factor of 17 and 17.
17
What is the highest common factor of 162 and 378?
54
Calculate the greatest common factor of 159 and 8427.
159
What is the highest common factor of 218 and 23326?
218
What is the greatest common divisor of 52 and 19526?
26
Calculate the highest common divisor of 45 and 20.
5
Calculate the greatest common factor of 321 and 3.
3
What is the highest common factor of 320 and 60?
20
What is the greatest common factor of 803 and 657?
73
Calculate the greatest common divisor of 1254 and 176.
22
What is the greatest common divisor of 69343 and 17?
17
Calculate the highest common divisor of 198 and 506.
22
What is the highest common factor of 77 and 56?
7
What is the greatest common divisor of 76 and 133?
19
What is the greatest common factor of 58 and 11832?
58
Calculate the greatest common factor of 110 and 20.
10
Calculate the highest common divisor of 225 and 5.
5
Calculate the greatest common divisor of 17739 and 73.
73
What is the greatest common divisor of 132 and 12408?
132
Calculate the greatest common factor of 187 and 459.
17
Calculate the highest common divisor of 2911 and 71.
71
What is the highest common factor of 113 and 226?
113
What is the greatest common factor of 27 and 333?
9
Calculate the greatest common factor of 3 and 168.
3
Calculate the greatest common divisor of 56 and 112.
56
Calculate the greatest common divisor of 456 and 48.
24
What is the greatest common factor of 127 and 16129?
127
Calculate the greatest common factor of 250 and 7125.
125
What is the greatest common factor of 12562 and 22?
22
Calculate the highest common divisor of 260 and 156.
52
What is the greatest common divisor of 650 and 364?
26
What is the highest common divisor of 1431 and 54?
27
What is the greatest common divisor of 323 and 114?
19
Calculate the highest common divisor of 80 and 520.
40
What is the greatest common divisor of 28 and 14?
14
Calculate the greatest common divisor of 81 and 1296.
81
Calculate the highest common factor of 3 and 309.
3
What is the greatest common factor of 62 and 3751?
31
What is the highest common factor of 2134 and 1552?
194
What is the greatest common divisor of 1638 and 9?
9
Calculate the greatest common divisor of 88 and 24.
8
What is the highest common divisor of 60 and 2670?
30
What is the highest common factor of 14311 and 11?
11
Calculate the highest common factor of 59316 and 12.
12
Calculate the greatest common divisor of 245 and 35.
35
Calculate the highest common divisor of 120 and 140.
20
Calculate the greatest common factor of 59 and 5723.
59
Calculate the greatest common divisor of 17 and 59585.
17
Calculate the highest common divisor of 3523 and 2439.
271
What is the highest common factor of 3260 and 60?
20
What is the highest common divisor of 99 and 18?
9
Calculate the highest common factor of 42 and 114.
6
Calculate the highest common divisor of 4 and 1024.
4
Calculate the highest common divisor of 30 and 310.
10
What is the greatest common factor of 96 and 75?
3
What is the greatest common factor of 14365 and 338?
169
What is the greatest common factor of 7395 and 51?
51
Calculate the highest common factor of 8000 and 160.
160
What is the highest common factor of 352 and 110?
22
Calculate the greatest common divisor of 1786 and 94.
94
Calculate the greatest common divisor of 520 and 40.
40
What is the greatest common divisor of 10943 and 31?
31
Calculate the highest common factor of 35 and 21.
7
What is the highest common divisor of 344 and 32?
8
Calculate the greatest common divisor of 3114 and 18.
18
Calculate the highest common factor of 2924 and 238.
34
What is the highest common factor of 232 and 24?
8
Calculate the greatest common factor of 102 and 2091.
51
What is the highest common divisor of 285 and 627?
57
Calculate the highest common factor of 472 and 8.
8
Calculate the greatest common factor of 985 and 197.
197
What is the highest common factor of 59514 and 13?
13
What is the highest common divisor of 148 and 481?
37
What is the greatest common factor of 88 and 11?
11
Calculate the highest common factor of 200 and 250.
50
Calculate the highest common factor of 1656 and 72.
72
What is the highest common factor of 280 and 126?
14
What is the highest common divisor of 264 and 3072?
24
What is the greatest common divisor of 4704 and 98?
98
Calculate the greatest common divisor of 17829 and 63.
63
What is the highest common divisor of 29120 and 224?
224
What is the highest common factor of 1675 and 25?
25
Calculate the highest common divisor of 52 and 10556.
52
Calculate the highest common divisor of 3084 and 372.
12
Calculate the greatest common divisor of 4935 and 84.
21
What is the greatest common factor of 1166 and 477?
53
Calculate the highest common divisor of 351 and 156.
39
Calculate the greatest common divisor of 260 and 5395.
65
Calculate the highest common factor of 95 and 1558.
19
Calculate the greatest common factor of 20 and 3840.
20
Calculate the greatest common divisor of 28 and 1526.
14
Calculate the highest common divisor of 80 and 16.
16
What is the highest common divisor of 80 and 442?
2
Calculate the highest common divisor of 1219 and 69.
23
Calculate the greatest common factor of 1008 and 1332.
36
What is the greatest common factor of 85 and 25?
5
Calculate the highest common divisor of 83 and 83.
83
Calculate the greatest common factor of 33 and 88.
11
Calculate the highest common divisor of 12 and 8.
4
What is the greatest common divisor of 1127 and 98?
49
Calculate the highest common factor of 37 and 703.
37
What is the highest common divisor of 1584 and 4257?
99
What is the highest common factor of 3 and 249?
3
What is the greatest common factor of 128 and 616?
8
What is the highest common factor of 2 and 422?
2
What is the greatest common divisor of 12 and 1524?
12
What is the highest common divisor of 49 and 17003?
49
Calculate the highest common factor of 88 and 473.
11
What is the greatest common divisor of 270 and 150?
30
Calculate the highest common factor of 27 and 171.
9
What is the highest common factor of 165 and 435?
15
Calculate the highest common divisor of 300 and 384.
12
Calculate the greatest common factor of 96 and 24.
24
What is the highest common factor of 488 and 56?
8
Calculate the greatest common divisor of 836 and 532.
76
What is the highest common divisor of 1275 and 525?
75
Calculate the highest common factor of 2455 and 15.
5
Calculate the highest common factor of 3184 and 16.
16
Calculate the greatest common factor of 18 and 12294.
18
Calculate the greatest common divisor of 74 and 1369.
37
What is the greatest common divisor of 289 and 1496?
17
Calculate the greatest common factor of 996 and 24.
12
What is the highest common divisor of 39 and 663?
39
Calculate the greatest common factor of 770 and 2926.
154
What is the greatest common divisor of 120 and 249?
3
Calculate the greatest common factor of 8 and 136.
8
Calculate the highest common factor of 255 and 22695.
255
Calculate the highest common factor of 42 and 2814.
42
What is the greatest common factor of 8268 and 3?
3
What is the greatest common